What is the tens digit of q?
5
Suppose -3*h = 11 - 17. Suppose 0*b = 3*b - h*n - 29, 0 = -b + 5*n + 1. Suppose 1167 - 386 = b*x. What is the tens digit of x?
7
Suppose 2*x + 3*m = -0*m + 35, 0 = -x - 5*m + 35. Let v(y) = 49*y + 8. Let j be v(7). Suppose -x*b + j = -b. What is the tens digit of b?
3
What is the hundreds digit of 137/((-15)/405*-3)?
2
Suppose 5*b = 4*m - 345341, 4*m - 345404 = -12*b + 8*b. What is the thousands digit of m?
6
Let i(f) = -3*f - 16. Let a be i(-7). Suppose 0 = 5*m + l - 10, -m + 3*l - 9 - a = 0. What is the units digit of (6/(-15))/(m/(-205))?
2
Suppose -4*b - l = 29, -5*b + l - 34 = -0*l. What is the tens digit of (1 - b)/(-2) - 2*-34?
6
Suppose -5*j = -l + 725, l - 2*j = -l + 1466. What is the hundreds digit of 16/(112/l) + 8?
1
Let m(q) = -30*q - 11. Let c(v) = 61*v + 24. Let u(r) = -4*c(r) - 9*m(r). What is the tens digit of u(9)?
3
Let c(f) = -f**3 + 21*f**2 + 22*f + 3. Let r be c(22). Let k be r + (265 + -1 - 4). Let u = k - 185. What is the units digit of u?
8
What is the tens digit of (68/((-2040)/45))/((-6)/42064)?
1
What is the tens digit of (-2)/6 + 31666128/558?
4
Suppose -4*w - 10*y = -6*y - 67392, -2*w - y = -33691. What is the ten thousands digit of w?
1
Let t = 5669 - -429. What is the thousands digit of t?
6
Let y = 23367 + -7955. What is the tens digit of y?
1
Let u = -33 - -378. Suppose -10*d - i - 142 = -12*d, 0 = 5*d - 5*i - u. What is the tens digit of d?
7
What is the tens digit of 8 - 340662/(-28) - (-3)/18*-3?
7
Let m(n) = n**3 + 7*n**2 - 7*n - 1. Let g be m(-8). Let c(j) = -j**3 - 5*j**2 + 7*j - 13. What is the hundreds digit of c(g)?
2
Suppose -3*m = 123 - 192. Let g = m - 15. What is the units digit of (-1)/(24/g - (-182)/(-60))?
0
Suppose 0 = 9*t - 4671 - 61362. What is the thousands digit of t?
7
Suppose -3*a + 229 + 419 = 0. Let b = 70 + a. What is the hundreds digit of b?
2
Let r = 9977 + -3795. What is the tens digit of r?
8
Let f(g) = -3*g**3 - 4*g**2 - 3*g - 1. Let l be f(-3). Suppose -4*v = -o + 275 - 111, -4*v + 5*o - 180 = 0. Let n = v + l. What is the tens digit of n?
1
Let x(t) = -12*t + 466. Let m(r) = -11*r + 323. Let s(z) = -3*m(z) + 2*x(z). Suppose -a + 37 = 11. What is the units digit of s(a)?
7
Let q = -825 + 1893. What is the thousands digit of q?
1
What is the tens digit of 2*(-2*6/(-4) - (-310725)/18)?
3
Let n(f) = f**2 - 17*f + 55. Let v be n(13). Suppose -y = -v, 15*i - 14*i = -5*y + 235. What is the units digit of i?
0
Suppose 7*c = 6*c. Suppose c*l = -7*l + 14. Suppose -2*a + h = -353, 0 = -2*a - l*a + 3*h + 705. What is the units digit of a?
7
Suppose 0 = -5*r + 3*q + 10, 4*q + 11 = 31. Suppose 3*i + 3*n = 147, r*n - n = i - 69. Suppose -3*c = -5*l + i + 156, 2 = c. What is the units digit of l?
3
Let j(i) = 84*i**2 + 33*i - 36. What is the units digit of j(12)?
6
Let z = 32 + -17. Suppose -3*b - 19 = -5*d, 5*d = b - 6*b - 5. Suppose d*n - 55 = z. What is the tens digit of n?
3
Suppose 4*h = -30*h + 52734. Let n = -597 + h. What is the hundreds digit of n?
9
Suppose 5*f - 10*f - 5 = 5*o, -4*o + 2*f + 2 = 0. Suppose 30*v + 873 = m + 25*v, 3*m + v - 2571 = o. What is the hundreds digit of m?
8
What is the thousands digit of (25801 + 66)*(1 + 0)?
5
Let q = 460 + 675. Let j = q - 454. What is the tens digit of j?
8
Let d(j) = 420*j + 2322. What is the thousands digit of d(42)?
9
Suppose -5*w + 30 = 0, 3*z + 3*w - 5*w = 72765. What is the hundreds digit of z?
2
Suppose -1285 = -5*y + 4415. What is the thousands digit of y?
1
Let k(f) = 2*f**2 - f + 1. Let p be k(1). Suppose -98 + 878 = p*m. What is the tens digit of m?
9
Let i = -253 + 267. Let d(w) = w**3 - 12*w**2 - 19*w - 17. What is the hundreds digit of d(i)?
1
Suppose 19*w = 22*w + 96. Let c = -58 - w. Let t = 159 + c. What is the units digit of t?
3
Suppose -64*r + 60*r = -116. Suppose r*p = 37*p - 824. Let q = 222 - p. What is the units digit of q?
9
Let q(d) = 29*d - 18. Let k be q(-3). Let x be k/(-63)*2*6/4. Suppose 0 = -0*r - 2*r - 8, -h = -x*r - 140. What is the tens digit of h?
2
Let o = 4952 - -1562. What is the hundreds digit of o?
5
Suppose 90 = 3*p + 78. Suppose 2*z = 4, x = p*z - 2*z + 168. What is the units digit of (1/2)/((-6)/(-21))*x?
1
Suppose 145*o - 2942905 + 267679 - 1992324 = 0. What is the tens digit of o?
9
Suppose 0 = -3*r + j + 12077, -2*r - 54*j + 53*j = -8058. What is the thousands digit of r?
4
Let b(m) = 5*m**2 - 115*m + 22. What is the units digit of b(-33)?
2
Suppose -4*w + 104516 = -4*x, -3*w + 13*x = 15*x - 78362. Suppose 2*u - 30*u + w = 0. What is the hundreds digit of u?
9
Let z(u) = -u**2 - 4*u + 114. Let t = 79 + -79. What is the tens digit of z(t)?
1
Let d be 7*(-7)/(-196) + 5862/8. Suppose -v + d = 4*t - t, 3633 = 5*v - t. What is the hundreds digit of v?
7
Suppose -2*o - 175 = -9*o. Suppose -4*y = y - o. What is the hundreds digit of -2 - ((y - 7) + (-426)/3)?
1
Suppose 3204 = 2*p + 794. Suppose p = 40*h - 35*h. What is the tens digit of h?
4
Suppose -7*l + 17*l - 70 = 0. Let h be (-76)/(-2) - (l + (0 - 4)). Let t = h - -93. What is the units digit of t?
8
What is the hundreds digit of (4994/(-12) - (33/2)/(-11))*-105?
5
Let q(z) = -2*z - 18. Let d(p) = -2*p - 17. Let r(a) = 7*d(a) - 6*q(a). Let y be r(-5). What is the units digit of 4*(-1 + -1)*y?
8
Let c(r) = 3038*r + 6. What is the thousands digit of c(1)?
3
Let g(s) = -136*s - 442. What is the tens digit of g(-5)?
3
Suppose 1626*f - 5*l = 1624*f + 17382, 0 = 4*f - l - 34782. What is the tens digit of f?
9
Suppose -3*p - 66857 = -5*w - 13427, -p = 3*w - 32044. What is the hundreds digit of w?
6
Let v(a) = 725*a + 230. What is the tens digit of v(6)?
8
What is the thousands digit of 1 - (-3153 + 5/(-15)*-24)?
3
Let d = -5138 + 18703. What is the ten thousands digit of d?
1
Let m(y) = 7*y - 37. Let c(f) = -13*f + 73. Let h(r) = 3*c(r) + 5*m(r). Suppose 0 = l - 61 + 76. What is the tens digit of h(l)?
9
Suppose 0 = -5*a + p + 130221, -4*a - 9216 = -3*p - 113406. What is the ten thousands digit of a?
2
Let u(i) = 5*i**3 - 3*i**2 - 2*i - 2. Let b be u(-2). Let a be (-6)/(-39) - 2/182 - (-764)/(-7). Let h = b - a. What is the units digit of h?
9
Let q = 31 - 28. Let k be (-1)/q*(-14 - 4). What is the tens digit of (k/24)/(2 + 4005/(-2004))?
6
Let s be -44 + 287 + (2 - -1). Suppose s = 9*l - 1113. What is the units digit of l?
1
Let n(t) = -10 + 2 - 40*t + 11 - 12*t**2 + t**3. What is the hundreds digit of n(16)?
3
Suppose 8155 = 11*a + 994. Suppose -836*m = -839*m + a. What is the tens digit of m?
1
Suppose 221 - 197 = 4*d. Suppose -d*w = -412 - 1148. What is the hundreds digit of w?
2
Suppose -4*z - g = -0*z - 16, -3*g = -3*z - 3. Suppose 5*l + 133 = 1058. Suppose -b - 2*w = -l, 1364 = 5*b - z*w + 374. What is the hundreds digit of b?
1
Let j(n) = 5*n**2 - 11*n + 36. What is the units digit of j(20)?
6
Suppose -1446 = -24*m + 18*m. Suppose 3*z - 1498 = -m. What is the tens digit of z?
1
Let g(r) = 29*r - 1 + 21 - r**2 - 33*r. Let c be g(-9). Let x = 94 - c. What is the units digit of x?
9
Let l = -13 - -17. What is the tens digit of l*((-8)/3)/(30/(-945))?
3
Suppose -3*d = -3*h + 1026, -h + 126 = -3*d - 220. What is the tens digit of h?
4
Let n(l) = 476*l**2 + 216*l + 878. What is the tens digit of n(-4)?
3
Suppose 5*g - 3*x = 347, 5*g + 0*x = -x + 331. Suppose -g = -5*r - 847. Let d = -119 - r. What is the units digit of d?
7
Let a = -168 - -179. Suppose a*c - 6513 + 2300 = 0. What is the tens digit of c?
8
What is the thousands digit of 5/25 - 0 - (467307/(-15) + -6)?
1
Let t(l) = 22*l - 2. Let j be t(1). Suppose -25*u = -j*u. Suppose u*w = 5*w - 2*o - 955, w + 2*o = 203. What is the tens digit of w?
9
Suppose -564 = -4*m - 4*r, 2*m + 3*r = -2*r + 294. Let f = m + 12. What is the units digit of f?
9
Suppose -18*c = 34*c - 104. Suppose c*w - 3568 = 3*l, -2*l = -w + 1933 - 147. What is the tens digit of w?
7
Let g be ((-34)/(-68))/(1/(-2))*-737. Let i = -290 + g. What is the hundreds digit of i?
4
Let w(u) be the first derivative of 27*u**2 + 51*u + 33. What is the tens digit of w(5)?
2
Let s(x) be the second derivative of -6*x**3 + 9*x**2/2 + 26*x. Let p be 8/(-28) + 3/(21/(-19)). What is the hundreds digit of s(p)?
1
Let y be (1408 + 5)/1 + 3. Suppose 25*d - y = 23*d. What is the units digit of d?
8
Suppose -2*t - 